{"id":824,"date":"2019-03-14T13:12:59","date_gmt":"2019-03-14T12:12:59","guid":{"rendered":"http:\/\/www.frangoal.com\/?page_id=824"},"modified":"2026-03-04T10:46:02","modified_gmt":"2026-03-04T09:46:02","slug":"preinscripciones","status":"publish","type":"page","link":"https:\/\/frangoal.com\/es\/preinscripciones","title":{"rendered":"PREINSCRIPCIONES 2026\/2027"},"content":{"rendered":"<div class=\"wpb-content-wrapper\"><p>[vc_row][vc_column][vc_empty_space][vc_column_text css=\u00bb\u00bb]<\/p>\n<h2><strong>PREINSCRIPCIONES 2026 \/ 2027<\/strong><\/h2>\n<p>[\/vc_column_text][vc_column_text css=\u00bb\u00bb]<\/p>\n<p class=\"x_elementToProof\" data-ogsc=\"rgb(0, 0, 0)\" data-olk-copy-source=\"MessageBody\">Estimadas familias,<\/p>\n<p class=\"x_elementToProof\" data-ogsc=\"rgb(0, 0, 0)\">Comienza el proceso de PREINSCRIPCI\u00d3N 2026-27.<\/p>\n<p class=\"x_elementToProof\" data-ogsc=\"rgb(0, 0, 0)\">La preinscripci\u00f3n es el procedimiento administrativo que permite asignar una plaza escolar al alumnado que se escolariza por primera vez en un centro educativo. Es un proceso ordenado y transparente que regula tanto los centros p\u00fablicos como los concertados.<\/p>\n<p class=\"x_elementToProof\" data-ogsc=\"rgb(0, 0, 0)\">Si opt\u00e1is per hacer la solicitud en nuestro centro, esta es la informaci\u00f3n que deb\u00e9is conocer para realizar la preinscripci\u00f3n.<\/p>\n<p class=\"x_elementToProof\" data-ogsc=\"rgb(0, 0, 0)\">Cualquier duda en el proceso de cumplimentar la hoja de preinscripci\u00f3n, estamos a vuestra disposici\u00f3n.<\/p>\n<p class=\"x_elementToProof\" data-ogsc=\"rgb(0, 0, 0)\">Contactar con Secretar\u00eda (936.650.891), de 8:45 a 13:00h y de 15:00h a 17:15h o enviar un correo electr\u00f3nico a <a href=\"mailto:secretaria@frangoal.com\">secretaria@frangoal.com<\/a><\/p>\n<p data-ogsc=\"rgb(0, 0, 0)\">La informaci\u00f3n general y las instrucciones para cada etapa educativa, las encontrar\u00e9is detalladas a continuaci\u00f3n:<\/p>\n<p>[\/vc_column_text][vc_column_text css=\u00bb\u00bb]<\/p>\n<h3 style=\"text-align: center;\">INFORMACI\u00d3N GENERAL<\/h3>\n<p>[\/vc_column_text][vc_row_inner][vc_column_inner width=\u00bb1\/3&#8243;][vc_column_text css=\u00bb\u00bb]<\/p>\n<p style=\"text-align: center;\">Web de preinscripci\u00f3n<\/p>\n<p style=\"text-align: center;\">de la Generalitat<\/p>\n<p>[\/vc_column_text][vc_btn title=\u00bbAcceder\u00bb style=\u00bboutline\u00bb color=\u00bbprimary\u00bb align=\u00bbcenter\u00bb css=\u00bb\u00bb link=\u00bburl:https%3A%2F%2Fpreinscripcio.gencat.cat%2Fca%2Finici|target:_blank|rel:nofollow\u00bb][\/vc_column_inner][vc_column_inner width=\u00bb1\/3&#8243;][vc_column_text css=\u00bb\u00bb]<\/p>\n<p style=\"text-align: center;\">Video explicativo del<\/p>\n<p style=\"text-align: center;\">proceso de preinscripci\u00f3n<\/p>\n<p>[\/vc_column_text][vc_btn title=\u00bbAcceder\u00bb style=\u00bboutline\u00bb color=\u00bbprimary\u00bb align=\u00bbcenter\u00bb css=\u00bb\u00bb link=\u00bburl:https%3A%2F%2Fwww.youtube.com%2Fwatch%3Fv%3D9xMdvXoFR_4|target:_blank|rel:nofollow\u00bb][\/vc_column_inner][vc_column_inner width=\u00bb1\/3&#8243;][vc_column_text css=\u00bb\u00bb]<\/p>\n<p style=\"text-align: center;\">Video explicativo de c\u00f3mo<\/p>\n<p style=\"text-align: center;\">obtener el ID-Cat M\u00f3vil<\/p>\n<p>[\/vc_column_text][vc_btn title=\u00bbAcceder\u00bb style=\u00bboutline\u00bb color=\u00bbprimary\u00bb align=\u00bbcenter\u00bb css=\u00bb\u00bb link=\u00bburl:https%3A%2F%2Fwww.youtube.com%2Fwatch%3Fv%3DcyNGAD_zvvw|target:_blank|rel:nofollow\u00bb][\/vc_column_inner][\/vc_row_inner][vc_column_text css=\u00bb\u00bb]<\/p>\n<p style=\"text-align: center;\"><strong><span style=\"font-size: 14pt;\"><span style=\"text-decoration: underline;\">C\u00f3digo de centro Col\u00b7legi FRANGOAL<\/span>: <em>08015867<\/em><\/span><\/strong><\/p>\n<p>[\/vc_column_text][vc_btn title=\u00bbOFERTA INCIAL DE PLAZAS\u00bb style=\u00bboutline\u00bb color=\u00bbdanger\u00bb align=\u00bbcenter\u00bb css=\u00bb\u00bb link=\u00bburl:https%3A%2F%2Ffrangoal.com%2Fwp-content%2Fuploads%2F2026%2F03%2FOFERTA-2026-27-WEB-1.pdf|target:_blank|rel:nofollow\u00bb]<div style=\"background-color:;height: 50px\" class=\"nicdark_section  \"><\/div>[vc_separator color=\u00bbblack\u00bb border_width=\u00bb3&#8243; css=\u00bb\u00bb][\/vc_column][\/vc_row][vc_row][vc_column width=\u00bb1\/3&#8243;][vc_column_text css=\u00bb\u00bb]<\/p>\n<h3 style=\"text-align: center;\">PREINSCRIPCI\u00d3N<\/h3>\n<h3 style=\"text-align: center;\">ED. INFANTIL (3-6 A\u00d1OS)<\/h3>\n<p style=\"text-align: center;\">(04\/03 al 18\/03)<\/p>\n<p>[\/vc_column_text][vc_btn title=\u00bbCriterios de Asignaci\u00f3n\u00bb style=\u00bboutline\u00bb color=\u00bbprimary\u00bb align=\u00bbcenter\u00bb css=\u00bb\u00bb link=\u00bburl:https%3A%2F%2Fpreinscripcio.gencat.cat%2Fca%2Festudis%2Finfantil-3-6%2Finformat%2Fcriteris-assignacio%2F|target:_blank|rel:nofollow\u00bb][vc_btn title=\u00bbDocumentaci\u00f3n necesaria\u00bb style=\u00bboutline\u00bb color=\u00bbprimary\u00bb align=\u00bbcenter\u00bb css=\u00bb\u00bb link=\u00bburl:https%3A%2F%2Fpreinscripcio.gencat.cat%2Fca%2Festudis%2Finfantil-3-6%2Finformat%2Fprepara-documentacio%2F|target:_blank|rel:nofollow\u00bb][vc_btn title=\u00bbINICIAR LA PREINSCRIPCI\u00d3N\u00bb style=\u00bboutline\u00bb color=\u00bbdanger\u00bb align=\u00bbcenter\u00bb css=\u00bb\u00bb link=\u00bburl:https%3A%2F%2Feducacio.gencat.cat%2Fes%2Ftramits%2Ftramits-temes%2Fperinscripcio-obligatoris%3F%26moda%3D1|target:_blank|rel:nofollow\u00bb][\/vc_column][vc_column width=\u00bb1\/3&#8243;][vc_column_text css=\u00bb\u00bb]<\/p>\n<h3 style=\"text-align: center;\">PREINSCRIPCI\u00d3N<\/h3>\n<h3 style=\"text-align: center;\">ED. PRIMARIA (6-12 A\u00d1OS)<\/h3>\n<p style=\"text-align: center;\">(04\/03 al 18\/03)<\/p>\n<p>[\/vc_column_text][vc_btn title=\u00bbCriterios de Asignaci\u00f3n\u00bb style=\u00bboutline\u00bb color=\u00bbprimary\u00bb align=\u00bbcenter\u00bb css=\u00bb\u00bb link=\u00bburl:https%3A%2F%2Fpreinscripcio.gencat.cat%2Fca%2Festudis%2Fprimaria%2Finformat%2Fcriteris-assignacio%2F|target:_blank|rel:nofollow\u00bb][vc_btn title=\u00bbDocumentaci\u00f3n necesaria\u00bb style=\u00bboutline\u00bb color=\u00bbprimary\u00bb align=\u00bbcenter\u00bb css=\u00bb\u00bb link=\u00bburl:https%3A%2F%2Fpreinscripcio.gencat.cat%2Fca%2Festudis%2Fprimaria%2Finformat%2Fprepara-documentacio%2F|target:_blank|rel:nofollow\u00bb][vc_btn title=\u00bbINICIAR LA PREINSCRIPCI\u00d3N\u00bb style=\u00bboutline\u00bb color=\u00bbdanger\u00bb align=\u00bbcenter\u00bb css=\u00bb\u00bb link=\u00bburl:https%3A%2F%2Feducacio.gencat.cat%2Fes%2Ftramits%2Ftramits-temes%2Fperinscripcio-obligatoris%3F%26moda%3D2|target:_blank|rel:nofollow\u00bb][\/vc_column][vc_column width=\u00bb1\/3&#8243;][vc_column_text css=\u00bb\u00bb]<\/p>\n<h3 style=\"text-align: center;\">PREINSCRIPCI\u00d3N<\/h3>\n<h3 style=\"text-align: center;\">E.S.O.<\/h3>\n<p style=\"text-align: center;\">(06\/03 al 18\/03)<\/p>\n<p>[\/vc_column_text][vc_btn title=\u00bbCriterios de Asignaci\u00f3n\u00bb style=\u00bboutline\u00bb color=\u00bbprimary\u00bb align=\u00bbcenter\u00bb css=\u00bb\u00bb link=\u00bburl:https%3A%2F%2Fpreinscripcio.gencat.cat%2Fca%2Festudis%2Feso%2Finformat%2Fcriteris-assignacio%2F|target:_blank|rel:nofollow\u00bb][vc_btn title=\u00bbDocumentaci\u00f3n necesaria\u00bb style=\u00bboutline\u00bb color=\u00bbprimary\u00bb align=\u00bbcenter\u00bb css=\u00bb\u00bb link=\u00bburl:https%3A%2F%2Fpreinscripcio.gencat.cat%2Fca%2Festudis%2Feso%2Finformat%2Fprepara-documentacio%2F|target:_blank|rel:nofollow\u00bb][vc_btn title=\u00bbINICIAR LA PREINSCRIPCI\u00d3N\u00bb style=\u00bboutline\u00bb color=\u00bbdanger\u00bb align=\u00bbcenter\u00bb css=\u00bb\u00bb link=\u00bburl:https%3A%2F%2Feducacio.gencat.cat%2Fes%2Ftramits%2Ftramits-temes%2Fperinscripcio-obligatoris%3F%26moda%3D3|target:_blank|rel:nofollow\u00bb][\/vc_column][\/vc_row][vc_row][vc_column][vc_empty_space height=\u00bb50px\u00bb][\/vc_column][\/vc_row][vc_row disable_element=\u00bbyes\u00bb][vc_column width=\u00bb1\/3&#8243;][vc_btn title=\u00bbPublicaci\u00f3n de la oferta inicial de plazas\u00bb color=\u00bbturquoise\u00bb align=\u00bbcenter\u00bb link=\u00bburl:https%3A%2F%2Ffrangoal.com%2Fwp-content%2Fuploads%2F2021%2F03%2F20-21OfertaInicial.pdf|title:Oferta|target:_blank|rel:nofollow\u00bb][vc_btn title=\u00bbLista de solicitudes Ed. Infantil y Ed. Primaria\u00bb color=\u00bbsuccess\u00bb align=\u00bbcenter\u00bb link=\u00bburl:https%3A%2F%2Ffrangoal.com%2Fwp-content%2Fuploads%2F2021%2F04%2FINFANTIL-Y-PRIMARIA.pdf|target:_blank|rel:nofollow\u00bb][vc_btn title=\u00bbLista de solicitudes ESO\u00bb color=\u00bbsuccess\u00bb align=\u00bbcenter\u00bb link=\u00bburl:https%3A%2F%2Ffrangoal.com%2Fwp-content%2Fuploads%2F2021%2F04%2FSECUNDARIA.pdf|target:_blank|rel:nofollow\u00bb][\/vc_column][\/vc_row]<\/p>\n<\/div>","protected":false},"excerpt":{"rendered":"<p>[vc_row][vc_column][vc_empty_space][vc_column_text css=\u00bb\u00bb] PREINSCRIPCIONES 2026 \/ 2027 [\/vc_column_text][vc_column_text css=\u00bb\u00bb] Estimadas familias, Comienza el proceso de PREINSCRIPCI\u00d3N 2026-27. La preinscripci\u00f3n es el procedimiento administrativo que permite asignar una plaza escolar al alumnado que se escolariza por primera vez en un centro educativo. Es un proceso ordenado y transparente que regula tanto los centros p\u00fablicos como los concertados. [&hellip;]<\/p>\n","protected":false},"author":1,"featured_media":0,"parent":0,"menu_order":0,"comment_status":"closed","ping_status":"closed","template":"","meta":{"footnotes":""},"class_list":["post-824","page","type-page","status-publish","hentry"],"jetpack_sharing_enabled":true,"_links":{"self":[{"href":"https:\/\/frangoal.com\/es\/wp-json\/wp\/v2\/pages\/824","targetHints":{"allow":["GET"]}}],"collection":[{"href":"https:\/\/frangoal.com\/es\/wp-json\/wp\/v2\/pages"}],"about":[{"href":"https:\/\/frangoal.com\/es\/wp-json\/wp\/v2\/types\/page"}],"author":[{"embeddable":true,"href":"https:\/\/frangoal.com\/es\/wp-json\/wp\/v2\/users\/1"}],"replies":[{"embeddable":true,"href":"https:\/\/frangoal.com\/es\/wp-json\/wp\/v2\/comments?post=824"}],"version-history":[{"count":45,"href":"https:\/\/frangoal.com\/es\/wp-json\/wp\/v2\/pages\/824\/revisions"}],"predecessor-version":[{"id":17469,"href":"https:\/\/frangoal.com\/es\/wp-json\/wp\/v2\/pages\/824\/revisions\/17469"}],"wp:attachment":[{"href":"https:\/\/frangoal.com\/es\/wp-json\/wp\/v2\/media?parent=824"}],"curies":[{"name":"wp","href":"https:\/\/api.w.org\/{rel}","templated":true}]}}

<div class="wpb-content-wrapper"><p>[vc_row][vc_column][vc_empty_space][vc_column_text css=»»]</p>
<h2><strong>PREINSCRIPCIONES 2026 / 2027</strong></h2>
<p>[/vc_column_text][vc_column_text css=»»]</p>
<p class="x_elementToProof" data-ogsc="rgb(0, 0, 0)" data-olk-copy-source="MessageBody">Estimadas familias,</p>
<p class="x_elementToProof" data-ogsc="rgb(0, 0, 0)">Comienza el proceso de PREINSCRIPCIÓN 2026-27.</p>
<p class="x_elementToProof" data-ogsc="rgb(0, 0, 0)">La preinscripción es el procedimiento administrativo que permite asignar una plaza escolar al alumnado que se escolariza por primera vez en un centro educativo. Es un proceso ordenado y transparente que regula tanto los centros públicos como los concertados.</p>
<p class="x_elementToProof" data-ogsc="rgb(0, 0, 0)">Si optáis per hacer la solicitud en nuestro centro, esta es la información que debéis conocer para realizar la preinscripción.</p>
<p class="x_elementToProof" data-ogsc="rgb(0, 0, 0)">Cualquier duda en el proceso de cumplimentar la hoja de preinscripción, estamos a vuestra disposición.</p>
<p class="x_elementToProof" data-ogsc="rgb(0, 0, 0)">Contactar con Secretaría (936.650.891), de 8:45 a 13:00h y de 15:00h a 17:15h o enviar un correo electrónico a <a href="mailto:secretaria@frangoal.com">secretaria@frangoal.com</a></p>
<p data-ogsc="rgb(0, 0, 0)">La información general y las instrucciones para cada etapa educativa, las encontraréis detalladas a continuación:</p>
<p>[/vc_column_text][vc_column_text css=»»]</p>
<h3 style="text-align: center;">INFORMACIÓN GENERAL</h3>
<p>[/vc_column_text][vc_row_inner][vc_column_inner width=»1/3&#8243;][vc_column_text css=»»]</p>
<p style="text-align: center;">Web de preinscripción</p>
<p style="text-align: center;">de la Generalitat</p>
<p>[/vc_column_text][vc_btn title=»Acceder» style=»outline» color=»primary» align=»center» css=»» link=»url:https%3A%2F%2Fpreinscripcio.gencat.cat%2Fca%2Finici|target:_blank|rel:nofollow»][/vc_column_inner][vc_column_inner width=»1/3&#8243;][vc_column_text css=»»]</p>
<p style="text-align: center;">Video explicativo del</p>
<p style="text-align: center;">proceso de preinscripción</p>
<p>[/vc_column_text][vc_btn title=»Acceder» style=»outline» color=»primary» align=»center» css=»» link=»url:https%3A%2F%2Fwww.youtube.com%2Fwatch%3Fv%3D9xMdvXoFR_4|target:_blank|rel:nofollow»][/vc_column_inner][vc_column_inner width=»1/3&#8243;][vc_column_text css=»»]</p>
<p style="text-align: center;">Video explicativo de cómo</p>
<p style="text-align: center;">obtener el ID-Cat Móvil</p>
<p>[/vc_column_text][vc_btn title=»Acceder» style=»outline» color=»primary» align=»center» css=»» link=»url:https%3A%2F%2Fwww.youtube.com%2Fwatch%3Fv%3DcyNGAD_zvvw|target:_blank|rel:nofollow»][/vc_column_inner][/vc_row_inner][vc_column_text css=»»]</p>
<p style="text-align: center;"><strong><span style="font-size: 14pt;"><span style="text-decoration: underline;">Código de centro Col·legi FRANGOAL</span>: <em>08015867</em></span></strong></p>
<p>[/vc_column_text][vc_btn title=»OFERTA INCIAL DE PLAZAS» style=»outline» color=»danger» align=»center» css=»» link=»url:https%3A%2F%2Ffrangoal.com%2Fwp-content%2Fuploads%2F2026%2F03%2FOFERTA-2026-27-WEB-1.pdf|target:_blank|rel:nofollow»]<div style="background-color:;height: 50px" class="nicdark_section  "></div>[vc_separator color=»black» border_width=»3&#8243; css=»»][/vc_column][/vc_row][vc_row][vc_column width=»1/3&#8243;][vc_column_text css=»»]</p>
<h3 style="text-align: center;">PREINSCRIPCIÓN</h3>
<h3 style="text-align: center;">ED. INFANTIL (3-6 AÑOS)</h3>
<p style="text-align: center;">(04/03 al 18/03)</p>
<p>[/vc_column_text][vc_btn title=»Criterios de Asignación» style=»outline» color=»primary» align=»center» css=»» link=»url:https%3A%2F%2Fpreinscripcio.gencat.cat%2Fca%2Festudis%2Finfantil-3-6%2Finformat%2Fcriteris-assignacio%2F|target:_blank|rel:nofollow»][vc_btn title=»Documentación necesaria» style=»outline» color=»primary» align=»center» css=»» link=»url:https%3A%2F%2Fpreinscripcio.gencat.cat%2Fca%2Festudis%2Finfantil-3-6%2Finformat%2Fprepara-documentacio%2F|target:_blank|rel:nofollow»][vc_btn title=»INICIAR LA PREINSCRIPCIÓN» style=»outline» color=»danger» align=»center» css=»» link=»url:https%3A%2F%2Feducacio.gencat.cat%2Fes%2Ftramits%2Ftramits-temes%2Fperinscripcio-obligatoris%3F%26moda%3D1|target:_blank|rel:nofollow»][/vc_column][vc_column width=»1/3&#8243;][vc_column_text css=»»]</p>
<h3 style="text-align: center;">PREINSCRIPCIÓN</h3>
<h3 style="text-align: center;">ED. PRIMARIA (6-12 AÑOS)</h3>
<p style="text-align: center;">(04/03 al 18/03)</p>
<p>[/vc_column_text][vc_btn title=»Criterios de Asignación» style=»outline» color=»primary» align=»center» css=»» link=»url:https%3A%2F%2Fpreinscripcio.gencat.cat%2Fca%2Festudis%2Fprimaria%2Finformat%2Fcriteris-assignacio%2F|target:_blank|rel:nofollow»][vc_btn title=»Documentación necesaria» style=»outline» color=»primary» align=»center» css=»» link=»url:https%3A%2F%2Fpreinscripcio.gencat.cat%2Fca%2Festudis%2Fprimaria%2Finformat%2Fprepara-documentacio%2F|target:_blank|rel:nofollow»][vc_btn title=»INICIAR LA PREINSCRIPCIÓN» style=»outline» color=»danger» align=»center» css=»» link=»url:https%3A%2F%2Feducacio.gencat.cat%2Fes%2Ftramits%2Ftramits-temes%2Fperinscripcio-obligatoris%3F%26moda%3D2|target:_blank|rel:nofollow»][/vc_column][vc_column width=»1/3&#8243;][vc_column_text css=»»]</p>
<h3 style="text-align: center;">PREINSCRIPCIÓN</h3>
<h3 style="text-align: center;">E.S.O.</h3>
<p style="text-align: center;">(06/03 al 18/03)</p>
<p>[/vc_column_text][vc_btn title=»Criterios de Asignación» style=»outline» color=»primary» align=»center» css=»» link=»url:https%3A%2F%2Fpreinscripcio.gencat.cat%2Fca%2Festudis%2Feso%2Finformat%2Fcriteris-assignacio%2F|target:_blank|rel:nofollow»][vc_btn title=»Documentación necesaria» style=»outline» color=»primary» align=»center» css=»» link=»url:https%3A%2F%2Fpreinscripcio.gencat.cat%2Fca%2Festudis%2Feso%2Finformat%2Fprepara-documentacio%2F|target:_blank|rel:nofollow»][vc_btn title=»INICIAR LA PREINSCRIPCIÓN» style=»outline» color=»danger» align=»center» css=»» link=»url:https%3A%2F%2Feducacio.gencat.cat%2Fes%2Ftramits%2Ftramits-temes%2Fperinscripcio-obligatoris%3F%26moda%3D3|target:_blank|rel:nofollow»][/vc_column][/vc_row][vc_row][vc_column][vc_empty_space height=»50px»][/vc_column][/vc_row][vc_row disable_element=»yes»][vc_column width=»1/3&#8243;][vc_btn title=»Publicación de la oferta inicial de plazas» color=»turquoise» align=»center» link=»url:https%3A%2F%2Ffrangoal.com%2Fwp-content%2Fuploads%2F2021%2F03%2F20-21OfertaInicial.pdf|title:Oferta|target:_blank|rel:nofollow»][vc_btn title=»Lista de solicitudes Ed. Infantil y Ed. Primaria» color=»success» align=»center» link=»url:https%3A%2F%2Ffrangoal.com%2Fwp-content%2Fuploads%2F2021%2F04%2FINFANTIL-Y-PRIMARIA.pdf|target:_blank|rel:nofollow»][vc_btn title=»Lista de solicitudes ESO» color=»success» align=»center» link=»url:https%3A%2F%2Ffrangoal.com%2Fwp-content%2Fuploads%2F2021%2F04%2FSECUNDARIA.pdf|target:_blank|rel:nofollow»][/vc_column][/vc_row]</p>
</div>

<p>[vc_row][vc_column][vc_empty_space][vc_column_text css=»»] PREINSCRIPCIONES 2026 / 2027 [/vc_column_text][vc_column_text css=»»] Estimadas familias, Comienza el proceso de PREINSCRIPCIÓN 2026-27. La preinscripción es el procedimiento administrativo que permite asignar una plaza escolar al alumnado que se escolariza por primera vez en un centro educativo. Es un proceso ordenado y transparente que regula tanto los centros públicos como los concertados. [&hellip;]</p>
