{"id":824,"date":"2019-03-14T13:12:59","date_gmt":"2019-03-14T12:12:59","guid":{"rendered":"http:\/\/www.frangoal.com\/?page_id=824"},"modified":"2026-03-04T10:46:02","modified_gmt":"2026-03-04T09:46:02","slug":"preinscripciones","status":"publish","type":"page","link":"https:\/\/frangoal.com\/ca\/preinscripciones","title":{"rendered":"PREINSCRIPCIONS 2026\/2027"},"content":{"rendered":"<div class=\"wpb-content-wrapper\"><p>[vc_row][vc_column][vc_empty_space][vc_column_text css=&#8221;&#8221;]<\/p>\n<h2><strong>PREINSCRIPCIONS 2026 \/ 2027<\/strong><\/h2>\n<p>[\/vc_column_text][vc_column_text css=&#8221;&#8221;]<\/p>\n<p class=\"x_elementToProof\" data-ogsc=\"rgb(0, 0, 0)\" data-olk-copy-source=\"MessageBody\">Estimades fam\u00edlies,<\/p>\n<p class=\"x_elementToProof\" data-ogsc=\"rgb(0, 0, 0)\">Comen\u00e7a el proc\u00e9s de PREINSCRIPCI\u00d3 2026-27. La preinscripci\u00f3 \u00e9s el procediment administratiu que permet assignar una pla\u00e7a escolar a l&#8217;alumnat que s&#8217;escolaritza per primera vegada en un centre educatiu. \u00c9s un proc\u00e9s ordenat i transparent que regula tant els centres p\u00fablics com els concertats.<\/p>\n<p class=\"x_elementToProof\" data-ogsc=\"rgb(0, 0, 0)\">Si opteu per fer la sol\u00b7licitud en el nostre centre, aquesta \u00e9s la informaci\u00f3 que heu de con\u00e8ixer per a realitzar la preinscripci\u00f3.<\/p>\n<p class=\"x_elementToProof\" data-ogsc=\"rgb(0, 0, 0)\">Qualsevol dubte en el proc\u00e9s d&#8217;emplenar la preinscripci\u00f3, estem a la vostra disposici\u00f3. Contactar amb Secretaria (936.650.891), de 8.45 a 13:00h i de 15:00h a 17:15h o enviar un correu electr\u00f2nic a <a href=\"mailto:secretaria@frangoal.com\">secretaria@frangoal.com<\/a><\/p>\n<p>La informaci\u00f3 general i les instruccions concretes per a cada etapa educativa, les trobareu detallades a continuaci\u00f3:[\/vc_column_text][vc_column_text css=&#8221;&#8221;]<\/p>\n<h3 style=\"text-align: center;\">INFORMACI\u00d3 GENERAL<\/h3>\n<p>[\/vc_column_text][\/vc_column][\/vc_row][vc_row][vc_column width=&#8221;1\/3&#8243;][vc_column_text css=&#8221;&#8221;]<\/p>\n<p style=\"text-align: center;\">Web de preinscripci\u00f3<\/p>\n<p style=\"text-align: center;\">de la Generalitat<\/p>\n<p>[\/vc_column_text][vc_btn title=&#8221;Accedir&#8221; style=&#8221;outline&#8221; color=&#8221;primary&#8221; align=&#8221;center&#8221; css=&#8221;&#8221; link=&#8221;url:https%3A%2F%2Fpreinscripcio.gencat.cat%2Fca%2Finici|target:_blank|rel:nofollow&#8221;][\/vc_column][vc_column width=&#8221;1\/3&#8243;][vc_column_text css=&#8221;&#8221;]<\/p>\n<p style=\"text-align: center;\">Video explicatiu del<\/p>\n<p style=\"text-align: center;\">proc\u00e9s de preinscripci\u00f3<\/p>\n<p>[\/vc_column_text][vc_btn title=&#8221;Accedir&#8221; style=&#8221;outline&#8221; color=&#8221;primary&#8221; align=&#8221;center&#8221; css=&#8221;&#8221; link=&#8221;url:https%3A%2F%2Fwww.youtube.com%2Fwatch%3Fv%3D9xMdvXoFR_4|target:_blank|rel:nofollow&#8221;][\/vc_column][vc_column width=&#8221;1\/3&#8243;][vc_column_text css=&#8221;&#8221;]<\/p>\n<p style=\"text-align: center;\">Video Explicatiu de com<\/p>\n<p style=\"text-align: center;\">obtenir l&#8217;ID-Cat M\u00f2bil<\/p>\n<p>[\/vc_column_text][vc_btn title=&#8221;Accedir&#8221; style=&#8221;outline&#8221; color=&#8221;primary&#8221; align=&#8221;center&#8221; css=&#8221;&#8221; link=&#8221;url:https%3A%2F%2Fwww.youtube.com%2Fwatch%3Fv%3DAbccrxbTzxk|target:_blank|rel:nofollow&#8221;][\/vc_column][\/vc_row][vc_row][vc_column][vc_column_text css=&#8221;&#8221;]<\/p>\n<p style=\"text-align: center;\"><span style=\"font-size: 14pt;\"><strong><span style=\"text-decoration: underline;\">Codi centre Col\u00b7legi FRANGOAL<\/span>:\u00a0 <em>08015867<\/em><\/strong><\/span><\/p>\n<p>[\/vc_column_text][vc_btn title=&#8221;OFERTA INICIAL DE PLACES&#8221; style=&#8221;outline&#8221; color=&#8221;danger&#8221; align=&#8221;center&#8221; css=&#8221;&#8221; link=&#8221;url:https%3A%2F%2Ffrangoal.com%2Fwp-content%2Fuploads%2F2026%2F03%2FOFERTA-2026-27-WEB-1.pdf|target:_blank|rel:nofollow&#8221;]<div style=\"background-color:;height: 50px\" class=\"nicdark_section  \"><\/div>[vc_separator color=&#8221;black&#8221; border_width=&#8221;3&#8243; css=&#8221;&#8221;][\/vc_column][\/vc_row][vc_row][vc_column width=&#8221;1\/3&#8243;][vc_column_text css=&#8221;&#8221;]<\/p>\n<h3 style=\"text-align: center;\">PREINSCRIPCI\u00d3<\/h3>\n<h3 style=\"text-align: center;\">ED. INFANTIL (3-6 ANYS)<\/h3>\n<p style=\"text-align: center;\">(04\/03 al 18\/03)<\/p>\n<p>[\/vc_column_text][vc_btn title=&#8221;Criteris d&#8217;assignaci\u00f3&#8221; style=&#8221;outline&#8221; color=&#8221;primary&#8221; align=&#8221;center&#8221; css=&#8221;&#8221; link=&#8221;url:https%3A%2F%2Fpreinscripcio.gencat.cat%2Fca%2Festudis%2Finfantil-3-6%2Finformat%2Fcriteris-assignacio%2F|target:_blank|rel:nofollow&#8221;][vc_btn title=&#8221;Documentaci\u00f3 necess\u00e0ria&#8221; style=&#8221;outline&#8221; color=&#8221;primary&#8221; align=&#8221;center&#8221; css=&#8221;&#8221; link=&#8221;url:https%3A%2F%2Fpreinscripcio.gencat.cat%2Fca%2Festudis%2Finfantil-3-6%2Finformat%2Fprepara-documentacio%2F|target:_blank|rel:nofollow&#8221;][vc_btn title=&#8221;INICIAR LA PREINSCRIPCI\u00d3&#8221; style=&#8221;outline&#8221; color=&#8221;danger&#8221; align=&#8221;center&#8221; css=&#8221;&#8221; link=&#8221;url:https%3A%2F%2Feducacio.gencat.cat%2Fca%2Ftramits%2Ftramits-temes%2Fperinscripcio-obligatoris%3F%26moda%3D1|target:_blank|rel:nofollow&#8221;][\/vc_column][vc_column width=&#8221;1\/3&#8243;][vc_column_text css=&#8221;&#8221;]<\/p>\n<h3 style=\"text-align: center;\">PREINSCRIPCI\u00d3<\/h3>\n<h3 style=\"text-align: center;\">ED. PRIM\u00c0RIA (6-12 ANYS)<\/h3>\n<p style=\"text-align: center;\">(04\/03 al 18\/03)<\/p>\n<p>[\/vc_column_text][vc_btn title=&#8221;Criteris d&#8217;assignaci\u00f3&#8221; style=&#8221;outline&#8221; color=&#8221;primary&#8221; align=&#8221;center&#8221; css=&#8221;&#8221; link=&#8221;url:https%3A%2F%2Fpreinscripcio.gencat.cat%2Fca%2Festudis%2Fprimaria%2Finformat%2Fcriteris-assignacio%2F|target:_blank|rel:nofollow&#8221;][vc_btn title=&#8221;Documentaci\u00f3 necess\u00e0ria&#8221; style=&#8221;outline&#8221; color=&#8221;primary&#8221; align=&#8221;center&#8221; css=&#8221;&#8221; link=&#8221;url:https%3A%2F%2Fpreinscripcio.gencat.cat%2Fca%2Festudis%2Fprimaria%2Finformat%2Fprepara-documentacio%2F|target:_blank|rel:nofollow&#8221;][vc_btn title=&#8221;INICIAR LA PREINSCRIPCI\u00d3&#8221; style=&#8221;outline&#8221; color=&#8221;danger&#8221; align=&#8221;center&#8221; css=&#8221;&#8221; link=&#8221;url:https%3A%2F%2Feducacio.gencat.cat%2Fca%2Ftramits%2Ftramits-temes%2Fperinscripcio-obligatoris%3F%26moda%3D2|target:_blank|rel:nofollow&#8221;][\/vc_column][vc_column width=&#8221;1\/3&#8243;][vc_column_text css=&#8221;&#8221;]<\/p>\n<h3 style=\"text-align: center;\">PREINSCRIPCI\u00d3<\/h3>\n<h3 style=\"text-align: center;\">E.S.O.<\/h3>\n<p style=\"text-align: center;\">(06\/03 al 18\/03)<\/p>\n<p>[\/vc_column_text][vc_btn title=&#8221;Criteris d&#8217;assignaci\u00f3&#8221; style=&#8221;outline&#8221; color=&#8221;primary&#8221; align=&#8221;center&#8221; css=&#8221;&#8221; link=&#8221;url:https%3A%2F%2Fpreinscripcio.gencat.cat%2Fca%2Festudis%2Feso%2Finformat%2Fcriteris-assignacio%2F|target:_blank|rel:nofollow&#8221;][vc_btn title=&#8221;Documentaci\u00f3 necess\u00e0ria&#8221; style=&#8221;outline&#8221; color=&#8221;primary&#8221; align=&#8221;center&#8221; css=&#8221;&#8221; link=&#8221;url:https%3A%2F%2Fpreinscripcio.gencat.cat%2Fca%2Festudis%2Feso%2Finformat%2Fprepara-documentacio%2F|target:_blank|rel:nofollow&#8221;][vc_btn title=&#8221;INICIAR LA PREINSCRIPCI\u00d3&#8221; style=&#8221;outline&#8221; color=&#8221;danger&#8221; align=&#8221;center&#8221; css=&#8221;&#8221; link=&#8221;url:https%3A%2F%2Feducacio.gencat.cat%2Fca%2Ftramits%2Ftramits-temes%2Fperinscripcio-obligatoris%3F%26moda%3D3|target:_blank|rel:nofollow&#8221;][\/vc_column][\/vc_row][vc_row][vc_column][vc_empty_space height=&#8221;50px&#8221;][\/vc_column][\/vc_row][vc_row disable_element=&#8221;yes&#8221;][vc_column width=&#8221;1\/2&#8243;][vc_btn title=&#8221;Llista de sol\u00b7licituds Ed. Infantil i Ed. Prim\u00e0ria&#8221; color=&#8221;success&#8221; align=&#8221;center&#8221; link=&#8221;url:https%3A%2F%2Ffrangoal.com%2Fwp-content%2Fuploads%2F2021%2F04%2FINFANTIL-Y-PRIMARIA.pdf|target:_blank|rel:nofollow&#8221;][vc_btn title=&#8221;Llista de sol\u00b7licituds ESO&#8221; color=&#8221;success&#8221; align=&#8221;center&#8221; link=&#8221;url:https%3A%2F%2Ffrangoal.com%2Fwp-content%2Fuploads%2F2021%2F04%2FSECUNDARIA.pdf|target:_blank|rel:nofollow&#8221;][\/vc_column][vc_column width=&#8221;1\/2&#8243;][\/vc_column][\/vc_row]<\/p>\n<\/div>","protected":false},"excerpt":{"rendered":"<p>[vc_row][vc_column][vc_empty_space][vc_column_text css=&#8221;&#8221;] PREINSCRIPCIONS 2026 \/ 2027 [\/vc_column_text][vc_column_text css=&#8221;&#8221;] Estimades fam\u00edlies, Comen\u00e7a el proc\u00e9s de PREINSCRIPCI\u00d3 2026-27. La preinscripci\u00f3 \u00e9s el procediment administratiu que permet assignar una pla\u00e7a escolar a l&#8217;alumnat que s&#8217;escolaritza per primera vegada en un centre educatiu. \u00c9s un proc\u00e9s ordenat i transparent que regula tant els centres p\u00fablics com els concertats. Si [&hellip;]<\/p>\n","protected":false},"author":1,"featured_media":0,"parent":0,"menu_order":0,"comment_status":"closed","ping_status":"closed","template":"","meta":{"footnotes":""},"class_list":["post-824","page","type-page","status-publish","hentry"],"jetpack_sharing_enabled":true,"_links":{"self":[{"href":"https:\/\/frangoal.com\/ca\/wp-json\/wp\/v2\/pages\/824","targetHints":{"allow":["GET"]}}],"collection":[{"href":"https:\/\/frangoal.com\/ca\/wp-json\/wp\/v2\/pages"}],"about":[{"href":"https:\/\/frangoal.com\/ca\/wp-json\/wp\/v2\/types\/page"}],"author":[{"embeddable":true,"href":"https:\/\/frangoal.com\/ca\/wp-json\/wp\/v2\/users\/1"}],"replies":[{"embeddable":true,"href":"https:\/\/frangoal.com\/ca\/wp-json\/wp\/v2\/comments?post=824"}],"version-history":[{"count":45,"href":"https:\/\/frangoal.com\/ca\/wp-json\/wp\/v2\/pages\/824\/revisions"}],"predecessor-version":[{"id":17469,"href":"https:\/\/frangoal.com\/ca\/wp-json\/wp\/v2\/pages\/824\/revisions\/17469"}],"wp:attachment":[{"href":"https:\/\/frangoal.com\/ca\/wp-json\/wp\/v2\/media?parent=824"}],"curies":[{"name":"wp","href":"https:\/\/api.w.org\/{rel}","templated":true}]}}

<div class="wpb-content-wrapper"><p>[vc_row][vc_column][vc_empty_space][vc_column_text css=&#8221;&#8221;]</p>
<h2><strong>PREINSCRIPCIONS 2026 / 2027</strong></h2>
<p>[/vc_column_text][vc_column_text css=&#8221;&#8221;]</p>
<p class="x_elementToProof" data-ogsc="rgb(0, 0, 0)" data-olk-copy-source="MessageBody">Estimades famílies,</p>
<p class="x_elementToProof" data-ogsc="rgb(0, 0, 0)">Comença el procés de PREINSCRIPCIÓ 2026-27. La preinscripció és el procediment administratiu que permet assignar una plaça escolar a l&#8217;alumnat que s&#8217;escolaritza per primera vegada en un centre educatiu. És un procés ordenat i transparent que regula tant els centres públics com els concertats.</p>
<p class="x_elementToProof" data-ogsc="rgb(0, 0, 0)">Si opteu per fer la sol·licitud en el nostre centre, aquesta és la informació que heu de conèixer per a realitzar la preinscripció.</p>
<p class="x_elementToProof" data-ogsc="rgb(0, 0, 0)">Qualsevol dubte en el procés d&#8217;emplenar la preinscripció, estem a la vostra disposició. Contactar amb Secretaria (936.650.891), de 8.45 a 13:00h i de 15:00h a 17:15h o enviar un correu electrònic a <a href="mailto:secretaria@frangoal.com">secretaria@frangoal.com</a></p>
<p>La informació general i les instruccions concretes per a cada etapa educativa, les trobareu detallades a continuació:[/vc_column_text][vc_column_text css=&#8221;&#8221;]</p>
<h3 style="text-align: center;">INFORMACIÓ GENERAL</h3>
<p>[/vc_column_text][/vc_column][/vc_row][vc_row][vc_column width=&#8221;1/3&#8243;][vc_column_text css=&#8221;&#8221;]</p>
<p style="text-align: center;">Web de preinscripció</p>
<p style="text-align: center;">de la Generalitat</p>
<p>[/vc_column_text][vc_btn title=&#8221;Accedir&#8221; style=&#8221;outline&#8221; color=&#8221;primary&#8221; align=&#8221;center&#8221; css=&#8221;&#8221; link=&#8221;url:https%3A%2F%2Fpreinscripcio.gencat.cat%2Fca%2Finici|target:_blank|rel:nofollow&#8221;][/vc_column][vc_column width=&#8221;1/3&#8243;][vc_column_text css=&#8221;&#8221;]</p>
<p style="text-align: center;">Video explicatiu del</p>
<p style="text-align: center;">procés de preinscripció</p>
<p>[/vc_column_text][vc_btn title=&#8221;Accedir&#8221; style=&#8221;outline&#8221; color=&#8221;primary&#8221; align=&#8221;center&#8221; css=&#8221;&#8221; link=&#8221;url:https%3A%2F%2Fwww.youtube.com%2Fwatch%3Fv%3D9xMdvXoFR_4|target:_blank|rel:nofollow&#8221;][/vc_column][vc_column width=&#8221;1/3&#8243;][vc_column_text css=&#8221;&#8221;]</p>
<p style="text-align: center;">Video Explicatiu de com</p>
<p style="text-align: center;">obtenir l&#8217;ID-Cat Mòbil</p>
<p>[/vc_column_text][vc_btn title=&#8221;Accedir&#8221; style=&#8221;outline&#8221; color=&#8221;primary&#8221; align=&#8221;center&#8221; css=&#8221;&#8221; link=&#8221;url:https%3A%2F%2Fwww.youtube.com%2Fwatch%3Fv%3DAbccrxbTzxk|target:_blank|rel:nofollow&#8221;][/vc_column][/vc_row][vc_row][vc_column][vc_column_text css=&#8221;&#8221;]</p>
<p style="text-align: center;"><span style="font-size: 14pt;"><strong><span style="text-decoration: underline;">Codi centre Col·legi FRANGOAL</span>:  <em>08015867</em></strong></span></p>
<p>[/vc_column_text][vc_btn title=&#8221;OFERTA INICIAL DE PLACES&#8221; style=&#8221;outline&#8221; color=&#8221;danger&#8221; align=&#8221;center&#8221; css=&#8221;&#8221; link=&#8221;url:https%3A%2F%2Ffrangoal.com%2Fwp-content%2Fuploads%2F2026%2F03%2FOFERTA-2026-27-WEB-1.pdf|target:_blank|rel:nofollow&#8221;]<div style="background-color:;height: 50px" class="nicdark_section  "></div>[vc_separator color=&#8221;black&#8221; border_width=&#8221;3&#8243; css=&#8221;&#8221;][/vc_column][/vc_row][vc_row][vc_column width=&#8221;1/3&#8243;][vc_column_text css=&#8221;&#8221;]</p>
<h3 style="text-align: center;">PREINSCRIPCIÓ</h3>
<h3 style="text-align: center;">ED. INFANTIL (3-6 ANYS)</h3>
<p style="text-align: center;">(04/03 al 18/03)</p>
<p>[/vc_column_text][vc_btn title=&#8221;Criteris d&#8217;assignació&#8221; style=&#8221;outline&#8221; color=&#8221;primary&#8221; align=&#8221;center&#8221; css=&#8221;&#8221; link=&#8221;url:https%3A%2F%2Fpreinscripcio.gencat.cat%2Fca%2Festudis%2Finfantil-3-6%2Finformat%2Fcriteris-assignacio%2F|target:_blank|rel:nofollow&#8221;][vc_btn title=&#8221;Documentació necessària&#8221; style=&#8221;outline&#8221; color=&#8221;primary&#8221; align=&#8221;center&#8221; css=&#8221;&#8221; link=&#8221;url:https%3A%2F%2Fpreinscripcio.gencat.cat%2Fca%2Festudis%2Finfantil-3-6%2Finformat%2Fprepara-documentacio%2F|target:_blank|rel:nofollow&#8221;][vc_btn title=&#8221;INICIAR LA PREINSCRIPCIÓ&#8221; style=&#8221;outline&#8221; color=&#8221;danger&#8221; align=&#8221;center&#8221; css=&#8221;&#8221; link=&#8221;url:https%3A%2F%2Feducacio.gencat.cat%2Fca%2Ftramits%2Ftramits-temes%2Fperinscripcio-obligatoris%3F%26moda%3D1|target:_blank|rel:nofollow&#8221;][/vc_column][vc_column width=&#8221;1/3&#8243;][vc_column_text css=&#8221;&#8221;]</p>
<h3 style="text-align: center;">PREINSCRIPCIÓ</h3>
<h3 style="text-align: center;">ED. PRIMÀRIA (6-12 ANYS)</h3>
<p style="text-align: center;">(04/03 al 18/03)</p>
<p>[/vc_column_text][vc_btn title=&#8221;Criteris d&#8217;assignació&#8221; style=&#8221;outline&#8221; color=&#8221;primary&#8221; align=&#8221;center&#8221; css=&#8221;&#8221; link=&#8221;url:https%3A%2F%2Fpreinscripcio.gencat.cat%2Fca%2Festudis%2Fprimaria%2Finformat%2Fcriteris-assignacio%2F|target:_blank|rel:nofollow&#8221;][vc_btn title=&#8221;Documentació necessària&#8221; style=&#8221;outline&#8221; color=&#8221;primary&#8221; align=&#8221;center&#8221; css=&#8221;&#8221; link=&#8221;url:https%3A%2F%2Fpreinscripcio.gencat.cat%2Fca%2Festudis%2Fprimaria%2Finformat%2Fprepara-documentacio%2F|target:_blank|rel:nofollow&#8221;][vc_btn title=&#8221;INICIAR LA PREINSCRIPCIÓ&#8221; style=&#8221;outline&#8221; color=&#8221;danger&#8221; align=&#8221;center&#8221; css=&#8221;&#8221; link=&#8221;url:https%3A%2F%2Feducacio.gencat.cat%2Fca%2Ftramits%2Ftramits-temes%2Fperinscripcio-obligatoris%3F%26moda%3D2|target:_blank|rel:nofollow&#8221;][/vc_column][vc_column width=&#8221;1/3&#8243;][vc_column_text css=&#8221;&#8221;]</p>
<h3 style="text-align: center;">PREINSCRIPCIÓ</h3>
<h3 style="text-align: center;">E.S.O.</h3>
<p style="text-align: center;">(06/03 al 18/03)</p>
<p>[/vc_column_text][vc_btn title=&#8221;Criteris d&#8217;assignació&#8221; style=&#8221;outline&#8221; color=&#8221;primary&#8221; align=&#8221;center&#8221; css=&#8221;&#8221; link=&#8221;url:https%3A%2F%2Fpreinscripcio.gencat.cat%2Fca%2Festudis%2Feso%2Finformat%2Fcriteris-assignacio%2F|target:_blank|rel:nofollow&#8221;][vc_btn title=&#8221;Documentació necessària&#8221; style=&#8221;outline&#8221; color=&#8221;primary&#8221; align=&#8221;center&#8221; css=&#8221;&#8221; link=&#8221;url:https%3A%2F%2Fpreinscripcio.gencat.cat%2Fca%2Festudis%2Feso%2Finformat%2Fprepara-documentacio%2F|target:_blank|rel:nofollow&#8221;][vc_btn title=&#8221;INICIAR LA PREINSCRIPCIÓ&#8221; style=&#8221;outline&#8221; color=&#8221;danger&#8221; align=&#8221;center&#8221; css=&#8221;&#8221; link=&#8221;url:https%3A%2F%2Feducacio.gencat.cat%2Fca%2Ftramits%2Ftramits-temes%2Fperinscripcio-obligatoris%3F%26moda%3D3|target:_blank|rel:nofollow&#8221;][/vc_column][/vc_row][vc_row][vc_column][vc_empty_space height=&#8221;50px&#8221;][/vc_column][/vc_row][vc_row disable_element=&#8221;yes&#8221;][vc_column width=&#8221;1/2&#8243;][vc_btn title=&#8221;Llista de sol·licituds Ed. Infantil i Ed. Primària&#8221; color=&#8221;success&#8221; align=&#8221;center&#8221; link=&#8221;url:https%3A%2F%2Ffrangoal.com%2Fwp-content%2Fuploads%2F2021%2F04%2FINFANTIL-Y-PRIMARIA.pdf|target:_blank|rel:nofollow&#8221;][vc_btn title=&#8221;Llista de sol·licituds ESO&#8221; color=&#8221;success&#8221; align=&#8221;center&#8221; link=&#8221;url:https%3A%2F%2Ffrangoal.com%2Fwp-content%2Fuploads%2F2021%2F04%2FSECUNDARIA.pdf|target:_blank|rel:nofollow&#8221;][/vc_column][vc_column width=&#8221;1/2&#8243;][/vc_column][/vc_row]</p>
</div>

<p>[vc_row][vc_column][vc_empty_space][vc_column_text css=&#8221;&#8221;] PREINSCRIPCIONS 2026 / 2027 [/vc_column_text][vc_column_text css=&#8221;&#8221;] Estimades famílies, Comença el procés de PREINSCRIPCIÓ 2026-27. La preinscripció és el procediment administratiu que permet assignar una plaça escolar a l&#8217;alumnat que s&#8217;escolaritza per primera vegada en un centre educatiu. És un procés ordenat i transparent que regula tant els centres públics com els concertats. Si [&hellip;]</p>
