{"id":63,"date":"2019-02-14T12:30:31","date_gmt":"2019-02-14T11:30:31","guid":{"rendered":"http:\/\/www.frangoal.com\/?page_id=63"},"modified":"2025-01-22T15:21:13","modified_gmt":"2025-01-22T14:21:13","slug":"primaria","status":"publish","type":"page","link":"https:\/\/frangoal.com\/ca\/oferta-educativa\/projecte-educatiu-de-centre\/primaria","title":{"rendered":"Prim\u00e0ria"},"content":{"rendered":"<div class=\"wpb-content-wrapper\"><p>[vc_row][vc_column][vc_column_text]<\/p>\n<h3><strong>EDUCACI\u00d3 PRIM\u00c0RIA<\/strong><\/h3>\n<p>[\/vc_column_text][\/vc_column][\/vc_row][vc_row][vc_column width=&#8221;1\/2&#8243;][vc_column_text]<\/p>\n<p class=\"p1\" style=\"text-align: justify;\"><span class=\"s1\">Una societat en constant canvi i evoluci\u00f3 necessita ciutadans preparats per assumir reptes i ser capa\u00e7os de buscar solucions innovadores.<\/span><\/p>\n<p>&nbsp;<\/p>\n<p class=\"p1\" style=\"text-align: justify;\"><span class=\"s1\">Aprendre a pensar de forma interconnecta i relacionant tots els aprenentatges s\u00f3n la base que hem de crear en els alumnes de Prim\u00e0ria.<\/span><\/p>\n<p>&nbsp;<\/p>\n<p class=\"p1\" style=\"text-align: justify;\"><span class=\"s1\">L&#8217;alumne ha d&#8217;entendre i assumir que tot el que apr\u00e8n est\u00e0 interconnectat, tot \u00e9s transversal, v\u00e0lid per a la resoluci\u00f3 de qualsevol problema que se li plantegi en qualsevol \u00e0rea i, per tant, en la seva vida quotidiana.<\/span><\/p>\n<p>&nbsp;<\/p>\n<p class=\"p1\" style=\"text-align: justify;\"><span class=\"s1\">\u00c9s el moment de l&#8217;adquisici\u00f3 de valors i h\u00e0bits que fonamenten una personalitat on la creativitat, l&#8217;esperit cr\u00edtic, el gust per aprendre i el plaer de llegir es conjuguen per donar una forta capacitat d&#8217;esfor\u00e7 i iniciar-se en la cultura del treball individual i col\u00b7lectiu .<\/span><\/p>\n<p>&nbsp;<\/p>\n<p class=\"p1\" style=\"text-align: justify;\"><span class=\"s1\">Es potencia la qualitat i l&#8217;excel\u00b7l\u00e8ncia amb principis d&#8217;equitat i sempre des d&#8217;una perspectiva del seguiment personal individualitzat.<\/span><\/p>\n<p>&nbsp;<\/p>\n<p class=\"p1\" style=\"text-align: justify;\"><span class=\"s1\">Forma part del cor i l&#8217;esperit del centre buscar tots aquests objectius dins d&#8217;un projecte de col\u00b7legi inclusiu i un ferm aposta per l&#8217;atenci\u00f3 a la diversitat.<\/span><\/p>\n<p>[\/vc_column_text][\/vc_column][vc_column width=&#8221;1\/2&#8243;][vc_single_image image=&#8221;431&#8243; img_size=&#8221;full&#8221;][\/vc_column][\/vc_row]<\/p>\n<\/div>","protected":false},"excerpt":{"rendered":"<p>[vc_row][vc_column][vc_column_text] EDUCACI\u00d3 PRIM\u00c0RIA [\/vc_column_text][\/vc_column][\/vc_row][vc_row][vc_column width=&#8221;1\/2&#8243;][vc_column_text] Una societat en constant canvi i evoluci\u00f3 necessita ciutadans preparats per assumir reptes i ser capa\u00e7os de buscar solucions innovadores. &nbsp; Aprendre a pensar de forma interconnecta i relacionant tots els aprenentatges s\u00f3n la base que hem de crear en els alumnes de Prim\u00e0ria. &nbsp; L&#8217;alumne ha d&#8217;entendre i assumir [&hellip;]<\/p>\n","protected":false},"author":1,"featured_media":0,"parent":58,"menu_order":0,"comment_status":"closed","ping_status":"closed","template":"","meta":{"footnotes":""},"class_list":["post-63","page","type-page","status-publish","hentry"],"jetpack_sharing_enabled":true,"_links":{"self":[{"href":"https:\/\/frangoal.com\/ca\/wp-json\/wp\/v2\/pages\/63","targetHints":{"allow":["GET"]}}],"collection":[{"href":"https:\/\/frangoal.com\/ca\/wp-json\/wp\/v2\/pages"}],"about":[{"href":"https:\/\/frangoal.com\/ca\/wp-json\/wp\/v2\/types\/page"}],"author":[{"embeddable":true,"href":"https:\/\/frangoal.com\/ca\/wp-json\/wp\/v2\/users\/1"}],"replies":[{"embeddable":true,"href":"https:\/\/frangoal.com\/ca\/wp-json\/wp\/v2\/comments?post=63"}],"version-history":[{"count":0,"href":"https:\/\/frangoal.com\/ca\/wp-json\/wp\/v2\/pages\/63\/revisions"}],"up":[{"embeddable":true,"href":"https:\/\/frangoal.com\/ca\/wp-json\/wp\/v2\/pages\/58"}],"wp:attachment":[{"href":"https:\/\/frangoal.com\/ca\/wp-json\/wp\/v2\/media?parent=63"}],"curies":[{"name":"wp","href":"https:\/\/api.w.org\/{rel}","templated":true}]}}

Primària

<div class="wpb-content-wrapper"><p>[vc_row][vc_column][vc_column_text]</p>
<h3><strong>EDUCACIÓ PRIMÀRIA</strong></h3>
<p>[/vc_column_text][/vc_column][/vc_row][vc_row][vc_column width=&#8221;1/2&#8243;][vc_column_text]</p>
<p class="p1" style="text-align: justify;"><span class="s1">Una societat en constant canvi i evolució necessita ciutadans preparats per assumir reptes i ser capaços de buscar solucions innovadores.</span></p>
<p>&nbsp;</p>
<p class="p1" style="text-align: justify;"><span class="s1">Aprendre a pensar de forma interconnecta i relacionant tots els aprenentatges són la base que hem de crear en els alumnes de Primària.</span></p>
<p>&nbsp;</p>
<p class="p1" style="text-align: justify;"><span class="s1">L&#8217;alumne ha d&#8217;entendre i assumir que tot el que aprèn està interconnectat, tot és transversal, vàlid per a la resolució de qualsevol problema que se li plantegi en qualsevol àrea i, per tant, en la seva vida quotidiana.</span></p>
<p>&nbsp;</p>
<p class="p1" style="text-align: justify;"><span class="s1">És el moment de l&#8217;adquisició de valors i hàbits que fonamenten una personalitat on la creativitat, l&#8217;esperit crític, el gust per aprendre i el plaer de llegir es conjuguen per donar una forta capacitat d&#8217;esforç i iniciar-se en la cultura del treball individual i col·lectiu .</span></p>
<p>&nbsp;</p>
<p class="p1" style="text-align: justify;"><span class="s1">Es potencia la qualitat i l&#8217;excel·lència amb principis d&#8217;equitat i sempre des d&#8217;una perspectiva del seguiment personal individualitzat.</span></p>
<p>&nbsp;</p>
<p class="p1" style="text-align: justify;"><span class="s1">Forma part del cor i l&#8217;esperit del centre buscar tots aquests objectius dins d&#8217;un projecte de col·legi inclusiu i un ferm aposta per l&#8217;atenció a la diversitat.</span></p>
<p>[/vc_column_text][/vc_column][vc_column width=&#8221;1/2&#8243;][vc_single_image image=&#8221;431&#8243; img_size=&#8221;full&#8221;][/vc_column][/vc_row]</p>
</div>

<p>[vc_row][vc_column][vc_column_text] EDUCACIÓ PRIMÀRIA [/vc_column_text][/vc_column][/vc_row][vc_row][vc_column width=&#8221;1/2&#8243;][vc_column_text] Una societat en constant canvi i evolució necessita ciutadans preparats per assumir reptes i ser capaços de buscar solucions innovadores. &nbsp; Aprendre a pensar de forma interconnecta i relacionant tots els aprenentatges són la base que hem de crear en els alumnes de Primària. &nbsp; L&#8217;alumne ha d&#8217;entendre i assumir [&hellip;]</p>
